*2 + 189*j - 2788. Determine w(17).
-2465
Let g(f) = 621*f - 2670. Give g(4).
-186
Let s(c) = -78620*c + 78623. Calculate s(1).
3
Let a(x) = 3*x**2 + 482*x - 6768. Determine a(13).
5
Let p(g) = 31952*g - 128882. Calculate p(4).
-1074
Let z(q) = q**2 - 743*q + 120719. Determine z(503).
-1
Let y(s) = -2235*s**3 + 4473*s**2 - 14*s + 39. Determine y(2).
23
Let q(j) = -8*j**2 - 30*j - 59. Calculate q(-22).
-3271
Let g(p) = -6476*p + 608737. Give g(94).
-7
Let y(t) = -t**2 + 277472*t - 554944. What is y(2)?
-4
Let k(t) = -3*t**2 - 76*t + 434. Calculate k(8).
-366
Let p(c) = -2*c**2 - 1875*c - 97076. Give p(-55).
-1
Let u(t) = -t**3 + 539*t**2 - 3720*t - 2281. Determine u(532).
-153
Let i(v) = -6374647*v - 6. Calculate i(0).
-6
Let t(n) = -2*n**3 - 1814*n**2 - 26766*n - 107. What is t(-15)?
-17
Let k(u) = -29*u**2 + 202*u + 770. Give k(9).
239
Let y(n) = -15*n**3 + 83*n**2 + 2*n + 36. Determine y(9).
-4158
Let y(p) = -7124*p - 78356. Calculate y(-11).
8
Let x(f) = 26581*f + 159539. Give x(-6).
53
Let o(r) = -12*r**3 + 21*r**2 - 9*r + 36. Determine o(5).
-984
Let n(b) = -16083*b + 112570. Determine n(7).
-11
Let h(p) = 5*p**2 - 1436*p - 103731. Determine h(347).
22
Let f(a) = -5*a**2 + 4278*a + 17188. Give f(-4).
-4
Let b(v) = -v**3 - 3154*v - 9454. Determine b(-3).
35
Let q(b) = -2*b**2 + 3794*b - 83365. Give q(22).
-865
Let r(a) = 2*a**3 + 4*a**2 + 878*a + 2636. Calculate r(-3).
-16
Let x(z) = z**2 + 454*z + 2221. Determine x(-449).
-24
Let v(k) = -k**3 + 103*k**2 - 467*k - 2252. What is v(98)?
2
Let u(o) = o**3 - 59*o**2 + 441*o - 176. Determine u(50).
-626
Let x(m) = -m**3 + 44*m**2 - 61*m - 24. Give x(42).
942
Let z(v) = v**3 + 323*v**2 - 1341*v - 10802. What is z(-327)?
-11
Let b(u) = -324*u + 56487. Calculate b(183).
-2805
Let u(l) = 7552*l - 407692. Determine u(54).
116
Let k(c) = -c**2 - 178*c - 6294. Determine k(-52).
258
Let d(h) = h**3 + 150*h**2 - 2502*h - 414084. Calculate d(-148).
20
Let p(g) = -g**2 + 334*g + 87044. What is p(-172)?
12
Let x(z) = 5*z**3 + 532*z**2 + 215*z - 28. Calculate x(-106).
-346
Let u(t) = -19*t + 1991. What is u(97)?
148
Let q(w) = -19675*w + 98345. Give q(5).
-30
Let c(l) = 26*l**3 - 133*l**2 - 400*l - 1. What is c(-3)?
-700
Let t(m) = -2*m**3 + 2492*m**2 - 14847*m - 194. Calculate t(6).
4
Let p(k) = 2*k**3 - 31*k**2 - 140*k + 16. Calculate p(21).
1927
Let o(m) = 324*m + 7543. What is o(-22)?
415
Let p(v) = -1216*v + 414642. Determine p(341).
-14
Let j(x) = 83908*x - 16781598. Give j(200).
2
Let u(b) = -b**3 + b**2 - 2*b - 604. What is u(0)?
-604
Let h(w) = -202724*w - 1216265. Calculate h(-6).
79
Let i(w) = -2*w**3 - 522*w**2 - 4478*w + 14650. Give i(-252).
34
Let c(x) = 11*x**2 + 172*x + 9. What is c(-2)?
-291
Let a(v) = -2893*v - 130042. Calculate a(-45).
143
Let g(c) = -933*c + 464. Calculate g(2).
-1402
Let v(r) = 3*r**3 + 539*r**2 + 373*r + 3015. Calculate v(-179).
330
Let z(s) = -s**3 + 14*s**2 + 1358*s - 23158. Calculate z(18).
-10
Let l(i) = 19*i**3 + 3*i**2 + 15*i - 67. Determine l(3).
518
Let r(j) = -2071*j - 8621. Give r(-4).
-337
Let r(z) = -76*z**2 + 5405*z - 808. Determine r(71).
-169
Let z(t) = -t**2 - 604*t - 42. Determine z(0).
-42
Let r(g) = -37*g**2 + 556*g + 173. What is r(16)?
-403
Let p(l) = -9*l**2 + 3970*l - 4434. Determine p(440).
-34
Let n(w) = w**3 + 46*w**2 + 620*w + 2035. Calculate n(-19).
2
Let q(i) = -6*i**2 + 284*i - 3115. Give q(30).
5
Let h(w) = -w**3 + 23*w**2 - 873*w + 18248. Calculate h(23).
-1831
Let r(v) = -6208*v + 12281. Determine r(2).
-135
Let n(y) = 52969*y + 1377179. Determine n(-26).
-15
Let x(q) = -2*q**2 - 58*q - 44. Give x(-33).
-308
Let q(m) = -16*m**2 - 2872*m - 25740. Determine q(-9).
-1188
Let k(d) = -829*d + 43156. Calculate k(52).
48
Let i(j) = j**3 + 62*j**2 + 645*j + 2287. Give i(-50).
37
Let w(t) = -2*t**2 - 614*t + 45042. Determine w(61).
146
Let g(z) = -6*z**3 - 890*z**2 + 578*z - 2737. Determine g(-149).
-55
Let i(l) = 580*l**2 + 7509*l - 402. What is i(-13)?
1
Let w(r) = -234*r**2 - 9*r + 49. Give w(-4).
-3659
Let g(y) = -55*y**2 + 1583*y - 9020. Calculate g(21).
-32
Let y(r) = 12312*r - 1366618. Determine y(111).
14
Let r(d) = -d**3 + 40*d**2 - 1345*d + 59756. Calculate r(42).
-262
Let t(g) = -g**2 - 749*g - 135951. Give t(-309).
9
Let h(g) = g**3 - 32*g**2 - 884*g + 27260. Determine h(35).
-5
Let u(p) = 7*p**2 + 404*p - 2698. What is u(6)?
-22
Let v(o) = o**2 - 117*o + 2386. Calculate v(32).
-334
Let p(y) = y**3 - 344*y**2 - 2454*y - 1320. What is p(351)?
-267
Let o(s) = 2*s**3 - 620*s**2 + 22519*s - 2050. Calculate o(268).
-174
Let b(m) = 264*m**2 - 3018*m + 1266. Give b(11).
12
Let b(j) = -686636*j + 2059912. Determine b(3).
4
Let h(k) = 2*k**2 + 34890*k + 10825533. Give h(-316).
5
Let t(w) = -47447*w - 2324918. What is t(-49)?
-15
Let c(x) = x**3 - 4*x**2 + 1770*x - 10687. What is c(6)?
5
Let y(v) = -5*v**3 - 6*v**2 + 184*v - 726. Determine y(4).
-406
Let g(v) = 19*v**3 + 13*v**2 + 22*v - 8. Calculate g(-2).
-152
Let q(p) = -2*p**2 - 45*p + 1392. Calculate q(22).
-566
Let d(f) = f**3 + 21*f**2 + 94*f - 13. Calculate d(-5).
-83
Let h(b) = 12*b**3 - 417*b**2 - 1489*b + 77. Calculate h(38).
-189
Let l(i) = i**3 - 10*i**2 + 1909*i - 7548. Give l(4).
-8
Let p(h) = h**3 + 7*h**2 - 14*h + 128. Calculate p(-11).
-202
Let t(x) = 182559*x - 10. Give t(0).
-10
Let h(q) = -q**2 + 11205*q - 1187498. Give h(107).
-12
Let t(r) = 294*r - 8228. What is t(28)?
4
Let b(w) = -w**3 + 50*w**2 - 412*w - 169. What is b(38)?
1503
Let o(k) = 152985*k - 917918. What is o(6)?
-8
Let a(f) = -46*f - 6518. Determine a(-133).
-400
Let x(k) = -57*k**3 - 346*k**2 - 19*k + 17. Calculate x(-6).
-13
Let v(f) = -f**2 - 2004*f + 75528. Determine v(37).
11
Let p(b) = 234022*b - 1404133. What is p(6)?
-1
Let c(y) = -808*y + 15336. Calculate c(19).
-16
Let n(p) = -1065*p + 32076. Give n(30).
126
Let q(c) = 11107*c + 621986. Give q(-56).
-6
Let c(p) = -2611*p + 279345. Calculate c(107).
-32
Let s(u) = u**3 - 206*u**2 + 1596*u - 2379. Calculate s(198).
-3
Let n(s) = 28*s**2 - 1967*s + 11402. What is n(6)?
608
Let p(g) = 16965*g**2 + 101781*g - 61. Give p(-6).
-7
Let u(t) = -t**3 - 110*t**2 - 646*t - 2073. What is u(-104)?
215
Let o(l) = 370*l - 8419. Calculate o(23).
91
Let a(o) = o**3 + 529*o**2 - 1327*o - 140718. Determine a(-531).
-3
Let a(q) = 1654*q + 33130. Calculate a(-20).
50
Let y(d) = 5*d**3 - 22*d**2 - 24*d + 34. Determine y(2).
-62
Let z(i) = i**2 - 38526*i - 693785. Calculate z(-18).
7
Let c(o) = -69*o**2 + 648*o + 767. Give c(12).
-1393
Let s(k) = -376*k + 75597. Give s(201).
21
Let h(u) = 617*u + 3895. Determine h(-10).
-2275
Let c(y) = 3639*y - 727772. What is c(200)?
28
Let k(x) = 4*x**3 + 726*x**2 + 8. Determine k(0).
8
Let l(t) = -10*t**3 + 549*t**2 + 44*t - 124. Determine l(55).
-729
Let t(i) = i**3 - 45*i**2 + 5149*i - 261909. What is t(49)?
-4
Let g(w) = -1962*w + 93096. What is g(47)?
882
Let o(s) = 165*s**2 + 2464*s + 2161. What is o(-14)?
5
Let x(y) = 135*y + 312. Give x(-6).
-498
Let r(u) = 8183*u - 1031055. Calculate r(126).
3
Let s(v) = 2934*v + 93894. Calculate s(-32).
6
Let t(n) = -12*n**3 + 57*n**2 - 137*n + 416. Calculate t(4).
12
Let y(q) = -1085*q**3 - 6*q**2 + 5*q + 2. What is y(1)?
-1084
Let q(y) = -y**2 - 1759*y - 12166. Calculate q(-7).
98
Let m(r) = -6*r**2 + 1525*r - 12475. What is m(246)?
-421
Let j(c) = -582*c - 49501. Give j(-85).
-31
Let c(o) = 255*o - 982. Give c(9).
1313
Let b(t) = 4*t**3 + 438*t**2 + 629*t + 962. Determine b(-108).
3014
Let d(j) = j**3 + 34*j**2 - 8*j - 317. What is d(-34)?
-45
Let a(b) = -b**3 - 75*b**2 + 3508*b - 2696. Determine a(32).
-8
Let o(u) = -423*u + 61691. Give o(146).
-67
Let q(x) = 11*x**2 + 154*x - 528. Determine q(-14).
-528
Let r(p) = -p**2 - 862*p - 159514. Give r(-269).
3
Let o(j) = -j**3 + 234*j**2 - 11384*j - 69. What is o(69)?
0
Let o(l) = 13*l**2 + 1001*l - 5776. What is o(-82)?
-446
Let l(z) = -111*z**3 + 856*z**2 + 247*z + 73. Determine l(8).
1
Let r(s) = 1214*s - 131116. Determine r(108).
-4
Let s(m) = -2*m**2 - 1378*m + 224397. What is s(136)?
-3
Let q(d) = 7*d**2 + 345*d - 670. Determine q(2).
48
Let n(w) = -82713*w - 82699. Calculate n(-1).
14
Let h(p) = 206*p**2 + 111*p - 217. What is h(2)?
829
Let v(r) = -20*r**2 - 43526*r - 217109. Give v(-5).
21
Let t(k) = 445*k**2 + 2213*k - 61. Give t(-